 is divided by 123?
107
Calculate the remainder when 2245 is divided by 314.
47
Calculate the remainder when 45454 is divided by 6.
4
What is the remainder when 24730 is divided by 84?
34
Calculate the remainder when 21677 is divided by 21529.
148
Calculate the remainder when 25112 is divided by 2784.
56
What is the remainder when 46578 is divided by 44?
26
Calculate the remainder when 7052 is divided by 1709.
216
Calculate the remainder when 2012185 is divided by 30.
25
What is the remainder when 84391 is divided by 63?
34
What is the remainder when 2430569 is divided by 739?
737
Calculate the remainder when 4347 is divided by 710.
87
What is the remainder when 81272 is divided by 1056?
1016
What is the remainder when 6375 is divided by 1061?
9
Calculate the remainder when 787359 is divided by 740.
739
What is the remainder when 4131 is divided by 60?
51
What is the remainder when 16637 is divided by 13?
10
Calculate the remainder when 126920 is divided by 42305.
5
Calculate the remainder when 2508 is divided by 415.
18
What is the remainder when 5678 is divided by 39?
23
What is the remainder when 6613297 is divided by 10?
7
What is the remainder when 737181 is divided by 56?
53
What is the remainder when 31587 is divided by 3508?
15
What is the remainder when 61409 is divided by 345?
344
Calculate the remainder when 6969 is divided by 497.
11
Calculate the remainder when 971373 is divided by 61.
9
What is the remainder when 221896 is divided by 317?
313
What is the remainder when 2622 is divided by 201?
9
Calculate the remainder when 35249 is divided by 10.
9
What is the remainder when 1510 is divided by 1497?
13
What is the remainder when 4832 is divided by 1219?
1175
Calculate the remainder when 38317 is divided by 12609.
490
Calculate the remainder when 27819 is divided by 758.
531
Calculate the remainder when 24437 is divided by 6071.
153
What is the remainder when 9007 is divided by 2993?
28
Calculate the remainder when 17620 is divided by 109.
71
What is the remainder when 16047 is divided by 31?
20
What is the remainder when 6822 is divided by 253?
244
What is the remainder when 422259 is divided by 10299?
0
Calculate the remainder when 18821 is divided by 460.
421
What is the remainder when 7707 is divided by 718?
527
Calculate the remainder when 121 is divided by 101.
20
What is the remainder when 179626 is divided by 6908?
18
Calculate the remainder when 52787 is divided by 2932.
11
Calculate the remainder when 28119 is divided by 97.
86
Calculate the remainder when 111427 is divided by 27.
25
Calculate the remainder when 5235 is divided by 1739.
18
What is the remainder when 45124 is divided by 7494?
160
What is the remainder when 11703 is divided by 173?
112
Calculate the remainder when 5853 is divided by 89.
68
Calculate the remainder when 1769 is divided by 110.
9
What is the remainder when 10126 is divided by 301?
193
What is the remainder when 19809 is divided by 11?
9
Calculate the remainder when 5510 is divided by 600.
110
What is the remainder when 1961 is divided by 677?
607
Calculate the remainder when 5302 is divided by 471.
121
What is the remainder when 12817 is divided by 36?
1
What is the remainder when 6180 is divided by 310?
290
What is the remainder when 66497 is divided by 8295?
137
Calculate the remainder when 5772754 is divided by 2222.
2220
What is the remainder when 36186 is divided by 285?
276
What is the remainder when 488 is divided by 40?
8
What is the remainder when 17523 is divided by 5821?
60
Calculate the remainder when 1446927 is divided by 28.
27
What is the remainder when 1018236 is divided by 296?
292
Calculate the remainder when 2998 is divided by 157.
15
What is the remainder when 8766 is divided by 714?
198
What is the remainder when 2141 is divided by 65?
61
What is the remainder when 322554 is divided by 1361?
1358
What is the remainder when 238840 is divided by 238814?
26
What is the remainder when 6893 is divided by 276?
269
What is the remainder when 5237 is divided by 581?
8
What is the remainder when 270750 is divided by 17?
8
What is the remainder when 10070 is divided by 22?
16
Calculate the remainder when 7032 is divided by 2200.
432
What is the remainder when 734 is divided by 48?
14
Calculate the remainder when 593622 is divided by 296810.
2
Calculate the remainder when 6872 is divided by 286.
8
What is the remainder when 5102 is divided by 1692?
26
What is the remainder when 12422 is divided by 4067?
221
Calculate the remainder when 9288 is divided by 23.
19
What is the remainder when 1741136 is divided by 306?
302
What is the remainder when 118583 is divided by 509?
495
What is the remainder when 7633 is divided by 33?
10
What is the remainder when 12926 is divided by 33?
23
What is the remainder when 257077 is divided by 11685?
7
What is the remainder when 1370047 is divided by 685019?
9
Calculate the remainder when 402 is divided by 246.
156
What is the remainder when 171006 is divided by 21370?
46
Calculate the remainder when 3429 is divided by 680.
29
Calculate the remainder when 2359 is divided by 392.
7
Calculate the remainder when 3090 is divided by 984.
138
What is the remainder when 14919 is divided by 169?
47
Calculate the remainder when 14605 is divided by 100.
5
What is the remainder when 18762 is divided by 4688?
10
What is the remainder when 49653 is divided by 24?
21
Calculate the remainder when 19897 is divided by 2486.
9
Calculate the remainder when 39115 is divided by 29.
23
Calculate the remainder when 16612 is divided by 213.
211
Calculate the remainder when 270629 is divided by 22.
7
Calculate the remainder when 71999 is divided by 36.
35
What is the remainder when 2741 is divided by 77?
46
What is the remainder when 1119 is divided by 310?
189
Calculate the remainder when 486 is divided by 58.
22
What is the remainder when 154202 is divided by 186?
8
What is the remainder when 680 is divided by 89?
57
What is the remainder when 7388 is divided by 7366?
22
Calculate the remainder when 2096 is divided by 588.
332
What is the remainder when 9764 is divided by 1951?
9
What is the remainder when 53936 is divided by 872?
744
What is the remainder when 45629 is divided by 65?
64
Calculate the remainder when 85928 is divided by 28601.
125
Calculate the remainder when 8241 is divided by 3979.
283
What is the remainder when 23446 is divided by 236?
82
Calculate the remainder when 34886 is divided by 5798.
98
What is the remainder when 56359 is divided by 2?
1
What is the remainder when 16334 is divided by 363?
362
What is the remainder when 172389 is divided by 86192?
5
What is the remainder when 381028 is divided by 121?
120
What is the remainder when 101249 is divided by 5?
4
What is the remainder when 1777 is divided by 190?
67
What is the remainder when 1869 is divided by 240?
189
What is the remainder when 144792 is divided by 13162?
10
What is the remainder when 8944 is divided by 4457?
30
What is the remainder when 1358 is divided by 512?
334
Calculate the remainder when 14718 is divided by 474.
24
What is the remainder when 3359 is divided by 1119?
2
Calculate the remainder when 3785 is divided by 208.
41
What is the remainder when 51472 is divided by 5147?
2
Calculate the remainder when 5110 is divided by 627.
94
What is the remainder when 41008 is divided by 8?
0
Calculate the remainder when 94636 is divided by 70.
66
What is the remainder when 1348 is divided by 574?
200
What is the remainder when 16014 is divided by 24?
6
What is the remainder when 21706 is divided by 34?
14
Calculate the remainder when 120099 is divided by 903.
0
What is the remainder when 129703 is divided by 325?
28
What is the remainder when 793 is divided by 51?
28
What is the remainder when 1417877 is divided by 63?
62
What is the remainder when 145364 is divided by 261?
248
What is the remainder when 8074 is divided by 202?
196
What is the remainder when 82991 is divided by 5?
1
Calculate the remainder when 145202 is divided by 328.
226
Calculate the remainder when 8009 is divided by 1139.
36
What is the remainder when 4713 is divided by 92?
21
What is the remainder when 2601910 is divided by 267?
262
Calculate the remainder when 15413 is divided by 439.
48
Calculate the remai